n(y)?
3
Let b(i) = -8*i**3 + 190*i**2 - i + 67. What is the thousands digit of b(22)?
6
Suppose 121*c + 12*c - 1884426 = 1158481. What is the units digit of c?
9
Suppose p - 39214 = -5*x, -5*x - 13*p + 39208 = -11*p. What is the hundreds digit of x?
8
Suppose 11*s = 6*s - 2*s. Suppose s = m - 0*m + 5*a - 1180, -a + 3568 = 3*m. What is the thousands digit of m?
1
Let o = 7193 + 72. What is the tens digit of o?
6
Suppose -3*z + 187 = 178. Suppose 10*p - 15*p - m = -25, -5*p - z*m = -35. What is the units digit of p?
4
Suppose b + 22 = -4*f, 3*f + 28 = 3*b + 2*b. What is the units digit of f/(-1) - -66 - -2?
4
What is the ten thousands digit of 2/(122856/(-61431) - (-16 - -14))?
2
Suppose 121*f - 55*f - 21417 = 121737. What is the hundreds digit of f?
1
Let f be -2*(-3)/12*6. Let w(q) = -11*q**3 + 2 + 0 - 1 - 75*q**f. What is the tens digit of w(-1)?
8
Let x(b) = -2*b**3 - 5*b**2 + 5*b - 15. Let q be x(-9). Let z = -656 + q. What is the units digit of z?
7
Let n(h) be the second derivative of 19*h**3/6 - 19*h**2/2 - 14*h. Let f be n(7). Suppose i = 3*i - 2*o - 60, -5*o = 3*i - f. What is the tens digit of i?
3
Suppose -3*k + 13670 = d, 2*k = -2*d + 7546 + 1562. What is the tens digit of k?
5
Let o(c) = 5*c**2 - 28*c + 390. What is the units digit of o(51)?
7
Let s(h) = -12*h**3 - 3*h**2 - 4*h - 16. Let p be s(-3). Let u = p - 118. What is the units digit of u?
5
Let w = 5153 + -3364. What is the units digit of w?
9
Let j(p) = -5*p**2 - 36*p - 162. Let g be j(-22). Let t = g + 2641. What is the units digit of t?
1
Let i = -41875 + 59541. What is the tens digit of i?
6
Suppose -8*p + 4*z = -9*p + 872, 0 = -3*p - 2*z + 2656. Suppose p = 4*n + 304. What is the units digit of (n - -5)*(-2)/(-2 - 0)?
1
Let x(b) = -55*b - 107. Let i be x(-3). Suppose i*m - 7627 = 16849. What is the tens digit of m?
2
Let c(s) = 3*s**2 + 5*s - 5. Let y(v) = v**2 - 2*v - 4. Let m be y(4). Let n be (6/m)/(((-78)/8)/(-13)). What is the tens digit of c(n)?
1
What is the ten thousands digit of 60/10*1*227*31/3?
1
Let m be (7 + 8/(-2))/(1/(-2)). Let a be (20/m)/((-5)/((-13800)/(-16))). Suppose -3*u + 2*g = -3*g - a, 185 = u + 5*g. What is the hundreds digit of u?
1
Let f(r) = 22*r**2 - 406*r - 66. What is the hundreds digit of f(-28)?
5
Let b be ((-3)/(-4))/(19/304). Let v(w) = w**2 - 11*w - 9. Let x be v(b). What is the tens digit of x/7 - 2452/(-28)?
8
Let c(m) = m**3 + 58*m**2 - 186*m + 78. What is the units digit of c(-56)?
6
Let g(t) = -t**3 - 6*t**2 - 11*t - 6. Suppose -35 + 7 = 7*m. Let y be g(m). Suppose d - y*d = -1015. What is the tens digit of d?
0
Suppose 3*o + 11 = -3*j + o, o = -1. What is the units digit of 1/4*28 + j?
4
Let i(m) = -6*m**2 + 40*m. Let n(g) = -g**2 - g + 1. Let o(k) = -i(k) - n(k). What is the units digit of o(8)?
5
Suppose -9*c - 15 = -114. Suppose -c*t + 7490 = 3*t. What is the tens digit of t?
3
Let q(i) = 12*i + 9. Let l be q(-1). Let p(w) = 29*w**2 - 7*w - 3. What is the hundreds digit of p(l)?
2
Let t(s) = -225*s**3 + s - 2. Suppose 1 = -v - 2*l, 2*v = 2*l + 5 - 1. Let f be t(v). Let j = f + 326. What is the units digit of j?
0
Suppose -5*i + 3*b + 71055 = 0, -4*i + 2*b - 5*b = -56844. What is the thousands digit of i?
4
Suppose 196*k - 166*k - 134640 = 0. What is the hundreds digit of k?
4
Suppose 0 = 8*a - 24*a - 80. What is the tens digit of (-25)/a + 469 + -5 + 2?
7
Let m = -431 - -435. Suppose f + 341 = 2*s, -m*f - 94 = -2*s + 244. What is the units digit of s?
1
Let g(r) = -r**3 - 4*r**2 + 20*r - 8. Let z be g(-7). Let w(x) = -649*x + 2. What is the hundreds digit of w(z)?
6
Let r be ((-2 - 0) + 1231)*14. Suppose r = 22*x - 86. Suppose -30*w = -27*w - x. What is the tens digit of w?
6
Let n(a) = a**3 + 4*a**2 + 3*a + 18. What is the hundreds digit of n(6)?
3
Let a = -82 + 82. Suppose 2*c = -5*v + 2115 - 375, a = 3*v + 2*c - 1044. What is the hundreds digit of v?
3
Let o be (-1)/(5092/1272 - 4). Let f = o + 720. What is the tens digit of f?
0
What is the hundreds digit of (-40526)/(-6) - -26*19/(-1482)?
7
Suppose -27930 = 25*p - 39*p. Let m = -1195 + p. What is the hundreds digit of m?
8
Let n = -285 - -607. Suppose -4*i + n = 4*j - 94, -3*j = 0. Let f = -9 + i. What is the tens digit of f?
9
Let n = 2459 - 1389. Suppose 0 = -2*m - 0*m - 2*h + n, -5*m = 4*h - 2677. What is the units digit of m?
7
Let n be 1275*1*(-1)/(-3)*-3. Let q = n - -2105. What is the hundreds digit of q?
8
Suppose -32*w = -160463 - 98289. What is the tens digit of w?
8
Suppose 0 = -5*n - 2*o + 22490, 2*n - 4977 = 5*o + 4048. What is the units digit of n?
0
Suppose 18*q - 282520 = -17*q. What is the tens digit of q?
7
Suppose 4*r - 13016 = 176*o - 177*o, -4*r + 52112 = 4*o. What is the hundreds digit of o?
0
Let l be (-12)/(-27) + (-118)/(-18). Let m be (-500)/l + -2*(-15)/70. Let a = m + 92. What is the units digit of a?
1
Let z = 28297 - 8921. What is the ten thousands digit of z?
1
Suppose 0 = -98*a + 180*a - 95*a + 6591. What is the hundreds digit of a?
5
Let j(y) = -y**3 - 16*y**2 - 50*y + 171. What is the tens digit of j(-27)?
4
Suppose -37*h + 13*h - 728456 = -116*h. What is the tens digit of h?
1
Let b be (-3 - -2)*(3 + -1 + 1). Let m be 2/b - (-1)/3*2. Suppose m = 6*l - 700 + 118. What is the units digit of l?
7
Let i(x) = -x**3 - 13*x**2 + 7*x - 20. Let q(k) = -9*k + 10 + 15*k - 14*k. Let b be q(3). What is the units digit of i(b)?
8
Let x = 57 + -7. Let b = x + -45. Suppose 2*o + 202 = 3*f, -b*o - 18 + 318 = 4*f. What is the tens digit of f?
7
Let x(y) = -14689*y + 630. What is the thousands digit of x(-4)?
9
Let s be (-3)/12 + 2/8. Let h(t) = -t**3 + t**2 + 4*t + 1. Let f be h(-2). Suppose s = -2*g + 3*m + 246, 3*g - f*m + 8*m = 384. What is the tens digit of g?
2
Let o = 1024 - 690. Suppose -7*p = -o - 3579. What is the units digit of p?
9
Let f(j) = 5098*j**2 - 6*j - 4. Let y be f(-1). Suppose 0 = 11*m + 14*m - y. What is the hundreds digit of m?
2
Let a = -27329 - -46243. What is the hundreds digit of a?
9
Let l be (0 + 38)*(-2 + 4 + -1). Let n = 410 - -370. Suppose -33*a + l*a = n. What is the tens digit of a?
5
Let b(i) = i**2 - 8*i + 18. Let n be b(5). What is the hundreds digit of n/(-9) + 447/(-18)*-28?
6
Let v(g) = 2*g**3 - g**2 - 28*g + 51. Let z be v(11). Suppose 0 = 27*o - 40462 + z. What is the hundreds digit of o?
4
Suppose -2*y = -3*m + 85011, 3*m - 73521 - 11490 = -4*y. What is the tens digit of m?
3
Let a = -1588 + 308. Let k = -839 - a. What is the tens digit of k?
4
Suppose 2*q = 3*q - 5. Let j(z) = z**3 - 4*z**2 - 4*z - 4. Let v be j(q). What is the tens digit of 4/(-3)*(v + 69/(-6))?
1
Suppose 2*o - 4*q = -2*o, -4*o + 24 = 4*q. Suppose 22*a = -2*m + 17*a + 2302, o*a = -m + 1152. What is the units digit of m?
6
Suppose -18*b - 21*b = 18*b - 377226. What is the tens digit of b?
1
Suppose -1874 = -j - s + 22509, 0 = -3*j + 4*s + 73114. What is the thousands digit of j?
4
Let o = -1605 - -10125. What is the hundreds digit of o?
5
Suppose -16 = 3*a - 55. Suppose 2*m - 21 + a = 0. Suppose 0 = -q + m*q - 12. What is the units digit of q?
4
Suppose n - 5 = 0, 7*n = s + 2*n - 1243. What is the units digit of s?
8
Suppose 0 = 3*p - d - d - 3534, -3528 = -3*p + 4*d. Suppose -q + c = -292, -3*q - p = -7*q - 2*c. What is the tens digit of q?
9
Suppose -6*p = -9*p + 2997. Let y = p - 443. What is the hundreds digit of y?
5
Let i = 2326 + -32. Suppose o + 566 = z - 0*z, 0 = -4*z - 2*o + i. What is the units digit of z?
1
Suppose 12 - 132 = 20*h. Let c be (-3)/h + (-551)/4*-2. Suppose 3*u - c = -5*f + 478, 3*u - 298 = -2*f. What is the hundreds digit of f?
1
Let j(z) = -30*z - 3. Let t be j(8). Let m be 3/5 - t/45. What is the tens digit of (-3 + m)*-2*147/(-18)?
4
Suppose -8 + 20 = 2*i. Let w(v) = -i*v**2 - 25 + 22*v - 5*v**2 + 2*v**2 + 8*v**2. What is the units digit of w(17)?
0
Suppose 264*y - 2185 = 269*y. Let h = -272 - y. What is the hundreds digit of h?
1
Let s(h) = h**2 + 5*h + 2. Let c be s(-5). Let w be (1 + (-6)/(-3))/(c - 1). Suppose -2*y + 178 = -4*z, 2*y = w*z + 62 + 119. What is the tens digit of y?
9
Suppose 0 = 2*d + 4, -5*f - 13*d = -8*d - 5. What is the units digit of -3 + ((-74)/f)/((-10)/255)?
6
Let v = -8871 - -16160. What is the tens digit of v?
8
Let l(x) = x**3 - 19*x**2 - 56*x + 102. What is the units digit of l(29)?